 of 5042665393?
2
What is the ten millions digit of 1708031848?
0
What is the ten thousands digit of 921329930?
2
What is the tens digit of 50595374?
7
What is the hundred thousands digit of 2137995972?
9
What is the hundreds digit of 806489266?
2
What is the tens digit of 52665651?
5
What is the ten thousands digit of 561091332?
9
What is the ten thousands digit of 45005193?
0
What is the hundred thousands digit of 303621535?
6
What is the tens digit of 1919761816?
1
What is the tens digit of 40034023?
2
What is the hundred millions digit of 389042185?
3
What is the units digit of 33435084?
4
What is the tens digit of 162690240?
4
What is the ten millions digit of 1713084177?
1
What is the hundreds digit of 6445040?
0
What is the millions digit of 19902464?
9
What is the millions digit of 541671534?
1
What is the millions digit of 235499765?
5
What is the ten thousands digit of 225483256?
8
What is the hundreds digit of 88815259?
2
What is the millions digit of 11242809?
1
What is the tens digit of 1062392183?
8
What is the thousands digit of 52647658?
7
What is the ten millions digit of 2158122587?
5
What is the ten millions digit of 123785834?
2
What is the hundreds digit of 50105204?
2
What is the thousands digit of 26661061?
1
What is the ten millions digit of 1907304699?
0
What is the units digit of 38617421?
1
What is the thousands digit of 60619255?
9
What is the tens digit of 463469296?
9
What is the ten millions digit of 53345548?
5
What is the millions digit of 4300503908?
0
What is the millions digit of 51829761?
1
What is the ten thousands digit of 161518701?
1
What is the tens digit of 419576709?
0
What is the billions digit of 1844085796?
1
What is the thousands digit of 47020647?
0
What is the tens digit of 35764529?
2
What is the thousands digit of 37083451?
3
What is the ten thousands digit of 4275657516?
5
What is the hundreds digit of 124731035?
0
What is the millions digit of 278607798?
8
What is the tens digit of 1600095148?
4
What is the ten millions digit of 55356360?
5
What is the hundreds digit of 509510466?
4
What is the thousands digit of 314110712?
0
What is the thousands digit of 684513413?
3
What is the hundreds digit of 129903534?
5
What is the hundreds digit of 85370615?
6
What is the thousands digit of 50136600?
6
What is the ten thousands digit of 497066540?
6
What is the thousands digit of 90157294?
7
What is the units digit of 238790770?
0
What is the hundred millions digit of 101528739?
1
What is the hundred millions digit of 1406039651?
4
What is the units digit of 1184260868?
8
What is the ten millions digit of 38711657?
3
What is the hundred millions digit of 389226400?
3
What is the ten millions digit of 247948119?
4
What is the ten thousands digit of 711876526?
7
What is the units digit of 78604918?
8
What is the ten millions digit of 44821206?
4
What is the ten millions digit of 91231473?
9
What is the hundred millions digit of 223261641?
2
What is the hundreds digit of 8734165?
1
What is the hundreds digit of 84375650?
6
What is the units digit of 268249366?
6
What is the hundred millions digit of 142823335?
1
What is the hundred thousands digit of 13478134?
4
What is the units digit of 438062138?
8
What is the hundred thousands digit of 40458735?
4
What is the hundred thousands digit of 88719864?
7
What is the ten millions digit of 12384437?
1
What is the ten thousands digit of 3319907913?
0
What is the units digit of 176748584?
4
What is the tens digit of 38607723?
2
What is the units digit of 30715896?
6
What is the tens digit of 41210296?
9
What is the ten millions digit of 1365104652?
6
What is the units digit of 4747681453?
3
What is the hundreds digit of 2956131970?
9
What is the ten thousands digit of 88328849?
2
What is the units digit of 3716937686?
6
What is the hundreds digit of 26369697?
6
What is the tens digit of 4326017873?
7
What is the ten millions digit of 857334804?
5
What is the ten millions digit of 713928533?
1
What is the hundreds digit of 31468189?
1
What is the ten millions digit of 2484769129?
8
What is the tens digit of 301608099?
9
What is the hundred thousands digit of 71910872?
9
What is the billions digit of 1435639671?
1
What is the tens digit of 46382358?
5
What is the hundred thousands digit of 1512826436?
8
What is the hundred millions digit of 750894065?
7
What is the thousands digit of 16811298?
1
What is the ten thousands digit of 831574826?
7
What is the tens digit of 74875153?
5
What is the hundreds digit of 140381406?
4
What is the hundred thousands digit of 263550841?
5
What is the hundred millions digit of 5147550497?
1
What is the hundreds digit of 1832318676?
6
What is the units digit of 11400113?
3
What is the hundred thousands digit of 59886847?
8
What is the millions digit of 95552464?
5
What is the ten thousands digit of 83503416?
0
What is the thousands digit of 57875664?
5
What is the ten thousands digit of 7459067221?
6
What is the ten thousands digit of 481427824?
2
What is the hundreds digit of 77355380?
3
What is the millions digit of 4497061517?
7
What is the hundred thousands digit of 34747650?
7
What is the ten thousands digit of 78883100?
8
What is the ten millions digit of 277598695?
7
What is the hundred millions digit of 563300683?
5
What is the tens digit of 508644832?
3
What is the thousands digit of 2942266331?
6
What is the thousands digit of 320324207?
4
What is the ten millions digit of 558489644?
5
What is the ten thousands digit of 5221666391?
6
What is the ten millions digit of 83774371?
8
What is the hundreds digit of 61699014?
0
What is the ten thousands digit of 98852256?
5
What is the tens digit of 309500689?
8
What is the thousands digit of 1147378289?
8
What is the ten thousands digit of 778428458?
2
What is the ten millions digit of 110647783?
1
What is the ten millions digit of 47757733?
4
What is the millions digit of 1669581679?
9
What is the hundred millions digit of 1856108856?
8
What is the hundred thousands digit of 49822235?
8
What is the ten thousands digit of 1188911932?
1
What is the millions digit of 2775701648?
5
What is the hundreds digit of 19590135?
1
What is the hundred thousands digit of 14704636?
7
What is the ten millions digit of 1498018346?
9
What is the tens digit of 49606184?
8
What is the units digit of 3596879214?
4
What is the hundreds digit of 201453668?
6
What is the ten thousands digit of 802686055?
8
What is the ten thousands digit of 26865358?
6
What is the hundreds digit of 319707854?
8
What is the tens digit of 47455091?
9
What is the units digit of 5514828283?
3
What is the hundred thousands digit of 405444572?
4
What is the ten millions digit of 286982819?
8
What is the thousands digit of 7871994571?
4
What is the units digit of 5689091506?
6
What is the units digit of 18635816?
6
What is the ten millions digit of 1159049720?
5
What is the tens digit of 4297732352?
5
What is the ten thousands digit of 6550021?
5
What is the tens digit of 805604183?
8
What is the ten thousands digit of 172663642?
6
What is the units digit of 92202047?
7
What is the ten millions digit of 33864404?
3
What is the ten thousands digit of 16738198?
3
What is the tens digit of 2858471818?
1
What is the hundred thousands digit of 76550268?
5
What is the ten millions digit of 60516310?
6
What is the thousands digit of 683583775?
3
What is the tens digit of 32275717?
1
What is the millions digit of 625616398?
5
What is the units digit of 13338785?
5
What is the tens digit of 97111626?
2
What is the ten thousands digit of 355315608?
1
What is the hundreds digit of 1361774930?
9
What is the hundred thousands digit of 397849565?
8
What is the ten millions digit of 27703584?
2
What is the tens digit of 2325473107?
0
What is the thousands digit of 1593727?
3
What is the thousands digit of 1396951609?
1
What is the ten millions digit of 28256463?
2
What is the ten thousands digit of 951835235?
3
What is the ten thousands digit of 529183046?
8
What is the thousands digit of 9909339?
9
What is the ten thousands digit of 2092446677?
4
What is the hundred thousands digit of 410753041?
7
What is the hundred thousands digit of 43691770?
6
What is the millions digit of 82332108?
2
What is the units digit of 6391949?
9
Wha